{"id":643,"date":"2015-02-09T11:23:37","date_gmt":"2015-02-09T10:23:37","guid":{"rendered":"http:\/\/materieldeprotection.com\/total\/?post_type=product&#038;p=643"},"modified":"2015-02-09T11:35:31","modified_gmt":"2015-02-09T10:35:31","slug":"casque-tirreno-txr","status":"publish","type":"product","link":"http:\/\/materiel.geneseinfo.fr\/total\/produit\/casque-tirreno-txr\/","title":{"rendered":"Casque Tirreno TXR"},"content":{"rendered":"<p>Casque de chantier avec araign\u00e9e tissu et r\u00e9glage \u00e0 molette<\/p>\n","protected":false},"excerpt":{"rendered":"<p>Casque de chantier avec araign\u00e9e tissu et r\u00e9glage \u00e0 molette<\/p>\n","protected":false},"featured_media":650,"comment_status":"open","ping_status":"closed","template":"","meta":[],"class_list":["post-643","product","type-product","status-publish","has-post-thumbnail","hentry","product_cat-casque","product_tag-casque","pa_couleurs-blanc","pa_couleurs-bleu","pa_couleurs-jaune","pa_couleurs-orange","pa_couleurs-rouge","pa_couleurs-vert"],"_links":{"self":[{"href":"http:\/\/materiel.geneseinfo.fr\/total\/wp-json\/wp\/v2\/product\/643","targetHints":{"allow":["GET"]}}],"collection":[{"href":"http:\/\/materiel.geneseinfo.fr\/total\/wp-json\/wp\/v2\/product"}],"about":[{"href":"http:\/\/materiel.geneseinfo.fr\/total\/wp-json\/wp\/v2\/types\/product"}],"replies":[{"embeddable":true,"href":"http:\/\/materiel.geneseinfo.fr\/total\/wp-json\/wp\/v2\/comments?post=643"}],"wp:featuredmedia":[{"embeddable":true,"href":"http:\/\/materiel.geneseinfo.fr\/total\/wp-json\/wp\/v2\/media\/650"}],"wp:attachment":[{"href":"http:\/\/materiel.geneseinfo.fr\/total\/wp-json\/wp\/v2\/media?parent=643"}],"curies":[{"name":"wp","href":"https:\/\/api.w.org\/{rel}","templated":true}]}}